 factors of z(-6)?
151
Let y be 1 + -1 + (2 - 4). Suppose -5*u - 2 = -n - 3*u, 1 = -4*n + 5*u. What are the prime factors of (-34)/n - (-1)/y?
2
Suppose -705 = 62*g - 67*g. List the prime factors of g.
3, 47
Suppose 5*u - 3*p + 26 - 152 = 0, p + 122 = 5*u. Suppose 4*t - 5*k + u = 5*t, 0 = -3*t - 4*k + 50. List the prime factors of t.
2, 7
Let b(m) = -11*m + 1. Let h be b(-2). Let y = h - 14. List the prime factors of y.
3
Let u(s) be the third derivative of 2/15*s**5 + 0 + 4*s**2 + 0*s - 1/6*s**3 + 1/12*s**4. What are the prime factors of u(1)?
3
Let b = -5 - -3. Let z = 0 - -1. What are the prime factors of b + -1 + z + 7?
5
Let t = 110 + -78. What are the prime factors of t?
2
Let a = 3 + 27. What are the prime factors of a?
2, 3, 5
Let g(r) = r**2 + 2*r + 1. Let b be g(-5). Let i be (-4)/18 + (-112)/(-18). Suppose -i*h + b = -2*h. List the prime factors of h.
2
Let o(r) = r**3 - 7*r**2 + 6*r - 4. Let v be o(6). List the prime factors of (v/(-8))/(2/44).
11
Let d(g) = -140*g. Let n be d(-2). Suppose -8*v + 3*v = -n. What are the prime factors of v?
2, 7
Let i = -4 + 4. Suppose -w = -3*d - 0*w + 47, 3*d - 3*w - 57 = i. Suppose 3*u - 5*z = -4 + d, -5*z + 5 = 0. What are the prime factors of u?
5
Suppose 127 = -6*u + 523. What are the prime factors of u?
2, 3, 11
List the prime factors of (2 - 10)/((-8)/12).
2, 3
Suppose -12*f = -284 - 2140. What are the prime factors of f?
2, 101
Let r(z) = -z - 4*z - 3*z + 15 + 6*z. List the prime factors of r(0).
3, 5
Let k be (-2)/6 - (-5)/(-3). Let f = k - -4. Suppose p + 12 = 2*d + d, d - f*p = 4. List the prime factors of d.
2
Let d(q) = -q + 12. What are the prime factors of d(-10)?
2, 11
Suppose 10 = m + 5*c, 3*m - c = -3*c - 22. What are the prime factors of 4/m - (-27)/5?
5
Suppose 4*k + 288 = 2*q, q = -2*q + 2*k + 436. What are the prime factors of q?
2, 73
Let r(a) = -a + 3. Let d be r(0). List the prime factors of 0 + d/3 - -2.
3
Let r(l) = -6*l + 13. Let c(u) = 5*u - 13. Let d(m) = -3*c(m) - 4*r(m). What are the prime factors of d(6)?
41
Let z(o) = 51*o**3 + o**2 - o - 1. Let d be z(-1). Let k = 86 + d. What are the prime factors of k?
2, 3
Let c = 7 + -5. Suppose -15 = -c*y - k, -5*y + 3*k + 24 = k. What are the prime factors of ((-16)/(-6))/(1/y)?
2
What are the prime factors of ((-3)/(6/116))/(-2)?
29
Let b = 2 - 1. Let j be b/((-2)/8*-2). Let r = 15 - j. What are the prime factors of r?
13
Let t(c) be the second derivative of -1/4*c**4 + 0 - 1/20*c**5 + 1/6*c**3 + c - 1/2*c**2. What are the prime factors of t(-4)?
11
Suppose 0*w - 132 = 4*w. Let t be (-11)/(-4)*-8*5/10. Let l = t - w. List the prime factors of l.
2, 11
Let m be 0 + -1 + (-8 - -40). Let u = 46 - m. List the prime factors of u.
3, 5
What are the prime factors of 3/(-3 - 0) - -18?
17
Let h be (-5 - 0)*1 - 2. Let v(t) = t**2 + 7*t - 4. Let r be v(h). What are the prime factors of -15*r/30*3?
2, 3
Let i = 12 + -9. List the prime factors of -2 + i + 41 + -2.
2, 5
Let c = -8 - -27. What are the prime factors of c?
19
Let v(s) = s**3 - 8*s**2 + 10*s + 2. Let r be (0 - 7)*-1*1. What are the prime factors of v(r)?
23
Let r(z) = -2*z**3 - 8*z**2 - 2*z + 9. What are the prime factors of r(-5)?
3, 23
Let s = 12 - 5. What are the prime factors of (s - 13)*18/(-4)?
3
Let o(b) = b**2 + 2*b - 3. Let d = -4 + 7. What are the prime factors of o(d)?
2, 3
Let r(f) = -2*f - 2. Let y be r(-5). Let o(n) = n + 1. Let t(k) = -k**2 - 1. Let i(q) = -6*o(q) - t(q). What are the prime factors of i(y)?
11
Suppose -4*t + t = -102. List the prime factors of t.
2, 17
Let g(j) = 2*j**3 - 3*j**2 + 2. Let u be g(2). Let p(s) = s**2 - 6*s + 1. Let k be p(u). Suppose 3 = z + k. List the prime factors of z.
2
Let v(j) = -j**2 - 12*j + 1. What are the prime factors of v(-8)?
3, 11
Let f = -222 + 394. What are the prime factors of f?
2, 43
Let h = 512 - 239. List the prime factors of h.
3, 7, 13
Suppose -4*q + 3*x + 517 = -4, -392 = -3*q + 2*x. List the prime factors of q.
2, 67
Suppose -g = 2*g - 2*m - 172, 0 = -4*m - 8. List the prime factors of g.
2, 7
Suppose 0 = 5*c - 2*y - 468, c - 108 = -3*y - 11. Suppose c - 38 = 4*z. What are the prime factors of z?
2, 7
Let t = 20 + -12. Let r be 0/(-1) + (-1 - -6). Suppose r*q - 28 = -t. List the prime factors of q.
2
Suppose 0*w = 2*v + w - 308, -5*v = w - 773. Suppose 0 = -c + 5*n + 55, -2*n + 3*n + v = 5*c. List the prime factors of 0 + -2 - c/(-3).
2
What are the prime factors of 2/(-8) + 675/12?
2, 7
Let y(q) = -q**2 - 20*q - 30. What are the prime factors of y(-13)?
61
Let i = 64 - 34. List the prime factors of i.
2, 3, 5
Suppose 4*s = w + 4*w - 166, 3*w - 103 = -s. What are the prime factors of w?
2, 17
Let s = -54 + 76. Suppose -4*l - s = -78. List the prime factors of 8/(-12) - l/(-3).
2
Let a(k) = 14*k**2 - 4*k + 2. Let d be a(2). Suppose 64 = 3*q - d. What are the prime factors of q?
2, 19
Let z be ((-6)/9)/((-4)/30). List the prime factors of 1*z + (-9)/(-9).
2, 3
Let a = 6 + -5. Suppose 0 = 4*m - 7 - a. List the prime factors of 1 - 2/m*-7.
2
Let x = -22 - -19. List the prime factors of (4 - -3) + (-6 - x).
2
Let b be 4/(-10) + (-17)/(-5). Suppose -b*r + 9 = x, 2 = -5*r + 5*x - 3. Suppose g + 4 = 0, 0*g + 3*g - 18 = -r*f. What are the prime factors of f?
3, 5
Let r be (-2)/12 - (-50)/12. Suppose -i + 19 = -r*y - 24, 3*y = 5*i - 130. List the prime factors of i.
23
Let q be 0 - (-1 - -2)*-1. Let t be -4*(0/(-2) - q). Suppose 0 = -j - t*j + 25. What are the prime factors of j?
5
Let i = -12 - -8. List the prime factors of i/(16/(-12)) + 10.
13
Suppose 5*s - 106 = -11. What are the prime factors of s?
19
Let g be -38*(-4)/8*1. Suppose 2*n - g = -s, -5*s - n + 79 = -34. List the prime factors of s.
23
Suppose 4*g - 21 = -5*u, 3*g - 5 = 7. Suppose 2*h - u = 3. Suppose -f + 2*f + 3*i = 27, h*i = 10. What are the prime factors of f?
2, 3
Let u(v) be the third derivative of v**5/12 + v**4/24 + v**3/6 - v**2. What are the prime factors of u(-1)?
5
Let a(i) = -i**3 - i**2 - 2*i + 1. Suppose -3*j - 10 = 2*v, -6 = -4*v - 3*j - 20. Let q be a(v). Suppose -4*x - 30 = -q*x. What are the prime factors of x?
2, 3
Suppose 5*a = 2*z + 3*z - 35, -5*a = 5*z + 15. Suppose m - z*m = -2. Suppose -4*s - 3*t + 35 = 0, s - m*t + 15 = 2*t. What are the prime factors of s?
5
Let w = 8 + -6. Suppose 0 = 4*a + 2*q - 70, -3*a + 10 + 41 = w*q. What are the prime factors of a?
19
Let w(m) be the second derivative of m**3 - 3*m**2/2 + 2*m. List the prime factors of w(6).
3, 11
Let x(v) = v**3 + 2*v**2 - 5*v - 7. Let f be x(-2). Let n(r) = 5*r - 1 - 6 + 3. List the prime factors of n(f).
11
Let k be 26/4 - (-1)/(-2). Let l = -8 + k. List the prime factors of 13 - (2*l)/2.
3, 5
Suppose -2*c - 15 = 3*c, 0 = u - c - 7. Suppose 2*y = 3*j - j - 12, 3*j + u*y = 39. What are the prime factors of j?
3
Suppose 2*c - 14 = 12. What are the prime factors of c?
13
Let m(z) = z**3 - z**2 - z. Let v be (-2)/8 + 1/4. Let x be m(v). Let d = x - -10. List the prime factors of d.
2, 5
Let v(l) = l**3 - 1. Let o(y) = 6*y**3 + 17*y**2 + 17*y - 1. Let p(m) = -o(m) + 5*v(m). List the prime factors of p(-16).
2, 3
Suppose -2*g + 77 = -1. List the prime factors of g.
3, 13
Let l(n) be the third derivative of 1/120*n**6 + 4*n**2 + 5/6*n**3 - 1/24*n**4 + 7/60*n**5 + 0 + 0*n. What are the prime factors of l(-7)?
2, 3
Let p = -17 + 29. Let u = p + 36. List the prime factors of u.
2, 3
Suppose 0*h = -3*a - h + 390, 0 = a + 3*h - 138. List the prime factors of a.
3, 43
Let t be (-362)/(-3) - 2/3. Let q = -81 + t. What are the prime factors of q?
3, 13
Suppose 3*c - 13 = 11. Suppose -d + 2 = c. Let t = d + 13. List the prime factors of t.
7
Suppose -5*i - d = -3*d + 8, -8 = i - 2*d. Let a(o) be the first derivative of o**3/3 + 5*o - 1. What are the prime factors of a(i)?
5
Let o(t) = t + 5. Let a be o(-5). Suppose -15 = -k + 2*q, 5*k + 2*q = 7*q + 50. Suppose -p + a = -k. List the prime factors of p.
5
Let a = -11 - -91. List the prime factors of a.
2, 5
Let y(i) = i**2 - 10*i + 1. Let o be y(10). Let x(p) = 3*p**3 + 2*p**2 - 2*p + 1. What are the prime factors of x(o)?
2
Suppose -3*i = 2*w - 57, 4*w + 4*i + 4 = 124. What are the prime factors of w?
3, 11
Suppose 0 = 4*n + 5*q - 28, -3*q = n - 8*q - 32. Let o = n - 2. What are the prime factors of (-102)/(-30) - 4/o?
3
Su